tor of 1337621832?
True
Is 19 a factor of 50491683?
True
Is 6242 a factor of 150290177?
False
Is 47 a factor of 886084420?
True
Is 5753461519 a multiple of 23?
False
Does 49 divide 2653174825?
True
Does 153 divide 16647777?
True
Is 1253846016 a multiple of 3604?
True
Does 78 divide 276267357?
False
Is 81 a factor of 4799726?
False
Does 109 divide 691640098?
True
Is 222144736 a multiple of 668?
True
Is 198655468 a multiple of 86?
False
Does 114 divide 51431741?
False
Is 41478456 a multiple of 12?
True
Is 3 a factor of 4715627?
False
Does 223 divide 878103978?
True
Is 4267 a factor of 250884621?
False
Is 938 a factor of 99293866?
True
Does 976 divide 671207888?
True
Is 43 a factor of 122176448?
False
Is 112035206 a multiple of 12091?
True
Is 111 a factor of 66106938?
True
Is 4938 a factor of 2682247117?
False
Is 2331 a factor of 47636453?
False
Is 89948802 a multiple of 6?
True
Is 10 a factor of 26879670?
True
Does 543 divide 617783895?
False
Is 2482668891 a multiple of 12277?
False
Is 1547 a factor of 46365137?
True
Is 56 a factor of 11017811?
False
Is 112941092 a multiple of 38?
True
Does 2223 divide 116596350?
True
Does 628 divide 20318911?
False
Is 644 a factor of 121836601?
False
Is 190 a factor of 22263820?
True
Does 9 divide 563175?
True
Is 41247242 a multiple of 6?
False
Does 409 divide 396578220?
False
Does 1385 divide 34612788?
False
Is 42 a factor of 1301426574?
True
Does 215 divide 2564950?
True
Is 143 a factor of 145788643?
True
Does 614 divide 3771199666?
True
Is 226396266 a multiple of 37?
True
Is 2308 a factor of 79462132?
True
Does 7 divide 192625811?
True
Is 4233674084 a multiple of 68?
True
Is 1562 a factor of 41252420?
True
Is 12239442 a multiple of 2653?
False
Is 33 a factor of 362812?
False
Is 15205038 a multiple of 6?
True
Does 1622 divide 1063594737?
False
Does 32 divide 953695877?
False
Is 1709 a factor of 512333069?
False
Does 442 divide 308232862?
False
Is 71732999 a multiple of 3499?
True
Is 14599552 a multiple of 19?
False
Does 1223 divide 28380938?
True
Is 5 a factor of 968680?
True
Does 2741 divide 965125287?
True
Does 244 divide 3122838?
False
Does 18 divide 16133076?
True
Does 7 divide 419094102?
True
Is 160 a factor of 7458720?
True
Is 19 a factor of 51518917?
False
Does 21 divide 360109191?
False
Is 1939353406 a multiple of 8303?
False
Is 103 a factor of 169326333?
False
Is 1918 a factor of 46733988?
True
Is 1279 a factor of 102276514?
True
Is 285 a factor of 143199675?
True
Is 1856296236 a multiple of 7?
False
Does 21 divide 31326875?
False
Does 1187 divide 608973732?
True
Is 499 a factor of 57978311?
True
Is 69 a factor of 62515173?
True
Does 622 divide 70056482?
True
Does 672 divide 122783808?
True
Is 237 a factor of 24665005?
False
Is 250673282 a multiple of 108?
False
Is 79362711 a multiple of 432?
False
Is 77 a factor of 41781397?
False
Does 920 divide 68149243?
False
Is 276914043 a multiple of 1587?
True
Is 21 a factor of 1818033?
True
Is 173 a factor of 1470002037?
False
Is 52 a factor of 272288172?
True
Is 54148290 a multiple of 1435?
True
Is 138179910 a multiple of 85?
True
Is 100 a factor of 27196210?
False
Is 520988 a multiple of 3?
False
Is 84454148 a multiple of 116?
True
Is 46713713 a multiple of 757?
True
Is 623107603 a multiple of 1118?
False
Does 801 divide 53292933?
True
Does 7456 divide 499456681?
False
Does 41 divide 899293081?
False
Is 184125110 a multiple of 1514?
True
Is 2286 a factor of 118641114?
True
Does 1497 divide 46061193?
True
Is 2547380128 a multiple of 2104?
True
Does 472 divide 21941784?
False
Is 162106510 a multiple of 113?
False
Is 2304850834 a multiple of 4387?
True
Is 63 a factor of 1112469593?
False
Does 27 divide 6116148?
True
Is 4313 a factor of 123882299?
True
Does 105 divide 281141797?
False
Is 80557846 a multiple of 14?
False
Does 15 divide 108019650?
True
Is 9 a factor of 16375779?
True
Does 1083 divide 260647776?
True
Does 640 divide 30343680?
True
Is 434 a factor of 184393146?
True
Does 29 divide 1357241?
False
Does 511 divide 4029205?
False
Is 519866452 a multiple of 394?
True
Is 832 a factor of 240680960?
True
Is 86177879 a multiple of 174?
False
Does 48 divide 60941136?
True
Is 986 a factor of 21370564?
True
Does 213 divide 95613812?
False
Is 41 a factor of 34685221?
True
Is 3077 a factor of 4331297894?
False
Is 2 a factor of 43699926?
True
Does 2454 divide 811181970?
True
Is 4475 a factor of 556457300?
True
Is 1031 a factor of 321510567?
False
Is 18 a factor of 229489603?
False
Is 2099565081 a multiple of 927?
True
Does 10 divide 92154960?
True
Is 671 a factor of 86275838?
True
Does 3 divide 10782084?
True
Is 110828559 a multiple of 47?
False
Is 1081 a factor of 88648567?
False
Is 17764921 a multiple of 21?
False
Is 2176 a factor of 215476224?
True
Is 146 a factor of 91283288?
True
Is 3533376 a multiple of 56?
True
Is 430 a factor of 66519775?
False
Is 43 a factor of 7438785?
True
Does 447 divide 60944328?
False
Is 106918833 a multiple of 931?
True
Is 46 a factor of 12043674?
True
Is 360116873 a multiple of 273?
False
Is 277 a factor of 29375850?
True
Is 812125866 a multiple of 12?
False
Does 1789 divide 282905304?
True
Is 127 a factor of 63756286?
True
Does 116 divide 47433885?
False
Is 28152279 a multiple of 784?
False
Is 169 a factor of 11858899?
True
Is 1412108306 a multiple of 223?
False
Is 1357840423 a multiple of 208?
False
Does 66 divide 536565618?
False
Does 324 divide 8491871?
False
Is 167962884 a multiple of 811?
False
Is 725706961 a multiple of 2161?
False
Does 40 divide 128032800?
True
Does 2705 divide 888616090?
False
Is 7991 a factor of 379244869?
True
Is 654214050 a multiple of 2889?
True
Does 13 divide 30988908?
False
Is 1653 a factor of 692759230?
False
Does 8 divide 29157600?
True
Does 168 divide 57209813?
False
Does 2184 divide 18520320?
True
Is 12 a factor of 30468132?
True
Does 74 divide 2117387997?
False
Does 52 divide 39865488?
True
Is 4 a factor of 4855411?
False
Is 75 a factor of 12157575?
True
Is 209 a factor of 1659669?
True
Is 25 a factor of 221190214?
False
Is 192 a factor of 2070907843?
False
Is 409 a factor of 505657170?
False
Is 63 a factor of 186257844?
False
Is 134 a factor of 10134286?
True
Is 39 a factor of 62497266?
True
Is 464402250 a multiple of 1125?
True
Is 2376 a factor of 3185534088?
True
Does 733 divide 515166210?
False
Does 11 divide 7658332?
True
Is 712 a factor of 55642800?
True
Is 849 a factor of 36923415?
False
Does 32 divide 17604512?
True
Does 263 divide 1188234?
True
Is 18 a factor of 1000395720?
True
Does 66 divide 73611144?
False
Is 42 a factor of 202693264?
False
Is 669314177 a multiple of 17?
False
Is 17118646 a multiple of 155?
False
Is 5693352 a multiple of 21?
True
Is 4 a factor of 6654012?
True
Is 5880052 a multiple of 696?
False
Is 505175381 a multiple of 86?
False
Is 10424694 a multiple of 7?
True
Does 62 divide 110810678?
True
Does 19 divide 311522746?
True
Does 28 divide 11512676?
True
Is 347400308 a multiple of 22?
False
Is 30 a factor of 371501790?
True
Is 484306680 a multiple of 169?
True
Is 43 a factor of 46455136?
True
Is 70 a factor of 3927973638?
False
Is 53 a factor of 91087814?
True
Is 433032140 a multiple of 4?
True
Is 15 a factor of 22803738?
False
Is 59164729 a multiple of 6?
False
Is 1380139304 a multiple of 50?
False
Does 5 divide 601225?
True
Is 423 a factor of 792655647?
False
Is 1292 a factor of 1766074852?
True
Is 385685832 a multiple of 2338?
True
Is 47212627 a multiple of 1960?
False
Is 2588 a factor of 2508227684?
False
Is 3623012904 a multiple of 84?
True
Does 1517 divide 7198165?
True
Does 2675 divide 1591788174?
False
Is 4 a factor of 942983851?
False
Does 69 divide 248293855?
False
Does 78 divide 259700753?
False
Is 4248678321 a multiple of 29?
True
Does 54 divide 15198328?
False
Is 6178794 a multiple of 1542?
True
Is 66103819 a multiple of 467?
False
Is 10026929 a multiple of 731?
False
Is 339789816 a multiple of 54?
True
Does 21 divide 12075420?
True
Is 102 a factor of 4162523?
False
Is 634 a factor of 1395593?
False
Is 44752942 a multiple of 1387?
True
Is 1038869152 a multiple of 328?
True
Is 438118764 a multiple of 17?
True
Is 59 a factor of 66429385?
False
Does 35 divide 207522210?
True
Does 1888 divide 350767110?
False
Is 100779086 a multiple of 1005?
False
Is 